*z + b*z - 150 = 0. Calculate the remainder when z is divided by 22*-1*1/(-2).
8
Suppose 131 + 169 = 3*j + 3*z, 2*j + z = 200. Calculate the remainder when j is divided by 34.
32
Calculate the remainder when 639/(-71) + (-204)/(-1) is divided by 191.
4
Let g(l) = l**2 + 37*l - 98. Calculate the remainder when g(-47) is divided by 76.
68
Let u be 0 + 1 - (2 - 12). Let i = u - 9. Suppose -i*s + 5*t + 1 = 0, s - 33 = -2*t - 2*t. Calculate the remainder when s is divided by 5.
3
Let g = 651 + 426. Let l = -612 + g. Suppose 4*y = 9*y - l. What is the remainder when y is divided by 24?
21
Let r(w) = -w**2 + 11*w - 17. Let o be r(8). Suppose 3*a - h - 19 = 0, -2*a - 37 = -o*a + 3*h. Calculate the remainder when ((-15)/12)/(2/(-8)) is divided by a.
0
Suppose -2*d + d + 5 = 0. Suppose d*i - 8 + 3 = 0. What is the remainder when 15 is divided by (-38)/(-10) - i/(-5)?
3
Suppose -4*o - 4*d + 32 + 68 = 0, -7*o = -4*d - 153. What is the remainder when 85 is divided by o?
16
Suppose -2*c - 45 = -h, 114 = 2*h - 0*c + 2*c. Calculate the remainder when h is divided by 3.
2
Suppose -32 = 27*n - 29*n - 4*b, 3*b = 2*n - 4. What is the remainder when 21 is divided by n?
5
Suppose y - 796 + 293 = 0. What is the remainder when y is divided by 102?
95
Suppose -10 = -5*k + 3*k. Let v be (-14)/(-49) + 514/14. Let r = -25 + v. What is the remainder when r is divided by k?
2
Let i be 110/6 + 3/(-9) + 0. What is the remainder when i + ((-6)/(-4))/(2/4) is divided by 5?
1
Suppose -43 - 251 = -6*c. Let f(k) = -k**2 + 12*k - 8. Let q be f(11). Suppose -q*s - m + 17 + 13 = 0, 2*m = 0. Calculate the remainder when c is divided by s.
9
Suppose 2456 = 64*v - 56*v. What is the remainder when v is divided by 104?
99
Let t(q) = 4*q**2 - 5*q + 3. Suppose -4*z - 3*z = -987. What is the remainder when z is divided by t(3)?
21
Let z(l) = l**2 - 2. Let x be z(-2). Suppose -2*c - p - 2*p = 0, 2*c + x*p = 0. Suppose c = -2*f - 3*f + 45. Calculate the remainder when 44 is divided by f.
8
Let y(k) = 77*k - 222. What is the remainder when y(5) is divided by 6?
1
Let l be -3 - (-51 + (0 - 2)). Let w = l - 25. What is the remainder when w is divided by 14?
11
Suppose 16*n - 12*n + 32 = 0. Let j = n - -10. Suppose 0 = -3*o + 10 + j. Calculate the remainder when 7 is divided by o.
3
Let d(m) = -m**3 + 15*m**2 + 7*m + 2. Calculate the remainder when d(14) is divided by 75.
71
Let t = -12 - 20. Let s = -26 - -14. Calculate the remainder when ((-138)/(-8))/(s/t) is divided by 12.
10
Suppose -328*w + 321*w + 1631 = 0. Calculate the remainder when w is divided by 122.
111
Let p(k) = -k**3 + k + 27. Let s(l) = l**2 - 2*l. Let c be s(2). Calculate the remainder when p(c) is divided by 10.
7
Suppose 3*d + 6 = 0, 2*g - 14 = -2*d + 4*d. Suppose -33 = -g*i + 2. Suppose 0 = 8*w - 10*w + 38. What is the remainder when w is divided by i?
5
Suppose 0 = -3*l + 111 + 117. Let q(d) = -d**2 + 19*d + 13. Calculate the remainder when l is divided by q(19).
11
Suppose -2*y - 19 = 3*h + 24, 0 = -y + 4. Suppose 17*a + 744 = -14*a. Let i = h - a. What is the remainder when 41 is divided by i?
6
Let q(t) = -t**3 - 2. Let z be q(0). Let f = z - -20. Let w = f + -3. Calculate the remainder when 29 is divided by w.
14
Let a = -7 - -11. Let w be (9 + -8)/(2/8). Suppose -w*c + 5*p + 19 = 0, c - 59 = -3*c - 3*p. What is the remainder when c is divided by a?
3
Let c(t) = -5*t**2 - 128*t - 51. What is the remainder when 287 is divided by c(-25)?
23
Let n(t) = t**3 - 4*t**2 - 12*t. Let s be n(6). Suppose s = j - 5*j + 40. Suppose -7*x = -46 - j. Calculate the remainder when 22 is divided by x.
6
Suppose 0 = 4*x - 2*t + 106, 2*t - 28 = 4*x - 3*x. What is the remainder when 51 is divided by -2*(-1)/(-3)*507/x?
12
Suppose 4*h - d - 2 = 0, -4*d = -h + 5 + 3. Let i = -3 + h. Calculate the remainder when (-48)/36 - 130/i is divided by 11.
9
Suppose 0 = 2*y + 3 - 7. Let v be 5 - (-2 + y - -2). Suppose v*w - 65 = 28. What is the remainder when w is divided by 8?
7
Suppose -231 = -32*k + 29*k. Suppose 0 = -5*n + 3*w + 53, 4*w = -0*n + 5*n - 49. Calculate the remainder when k is divided by n.
12
What is the remainder when 271 is divided by (-76)/(-912) - (-659)/12?
51
Suppose d = -4 + 6. Suppose 0 = 2*n + d*n - 28. What is the remainder when ((-17)/51)/(1/((-114)/2)) is divided by n?
5
Suppose 2*a - 18 = 24. Suppose -5*o - 16 + 106 = y, 0 = 2*o + 4*y - 54. Let t = -5 + o. Calculate the remainder when a is divided by t.
9
Suppose 3*a + 3 = 4*a. Suppose -v - 3*t = -19 + a, -v - 2*t = -11. Let r(x) = 2*x**2 - x + 1. What is the remainder when r(v) is divided by 1?
0
Suppose -4*c - 19 = 32*h - 33*h, -76 = -4*h + 4*c. Calculate the remainder when 50 is divided by h.
12
Calculate the remainder when (35/14)/(2/8) is divided by 7.
3
Let g be (-4)/7 - 0 - (-104)/(-14). What is the remainder when 1*(4 + g)/(1/(-13)) is divided by 18?
16
Let l(z) be the first derivative of -z**3 - 1/4*z**4 - 4*z + 1/2*z**2 + 7. What is the remainder when l(-5) is divided by 21?
20
Suppose -4*f + 960 = 5*c, -5*f - 2*c + 1200 = -0*c. Suppose 11*v - 79 = f. Calculate the remainder when v is divided by 6.
5
Let m = -23 - -45. Suppose 2*u = m + 24. Let h(n) = 42*n + 1. What is the remainder when h(1) is divided by u?
20
Suppose 8*z + 647 = 7975. Suppose -7*x + 71 = -z. Calculate the remainder when x is divided by 9.
6
Let h(d) = d**2 + 8*d + 12. Let m be h(-7). Let a = 40 - m. Calculate the remainder when a is divided by 9.
8
Let t be 12/8 - 6/(-4). Suppose 4 + 5 = t*l. Suppose -44 = -5*q - 2*b, -3*q = 2*q - l*b - 59. Calculate the remainder when 28 is divided by q.
8
Let r = -59 + 74. Suppose 5*w + 4 = 3*w, -2*w + 4 = -4*p. What is the remainder when 2 + -4 + 41 - p is divided by r?
11
Let u(d) = -d**3 + 7*d**2 + 7*d - 3. Calculate the remainder when u(7) is divided by 24.
22
Let v(i) = i**2 + 5*i - 9. Let u(o) = 2*o**2 + 9*o - 18. Let f(t) = 3*u(t) - 7*v(t). What is the remainder when 43 is divided by f(-7)?
11
Let x be -2 + 1 + (0 - 67). Let n = 118 + x. Calculate the remainder when n is divided by 18.
14
Let q(d) = 6*d + 1. Let w(i) = -i**3 + 5*i**2 + 3*i - 9. What is the remainder when w(4) is divided by q(1)?
5
Let y = 126 - 106. What is the remainder when 96 is divided by y?
16
Let i be ((-3)/2)/(2/(-16)). Suppose i = v + 45. What is the remainder when 29 is divided by (8/(-3))/(11/v)?
5
Let m = -6 - -9. Suppose -m*t - 2*q + 67 = 2*q, -23 = -t - 2*q. Calculate the remainder when t is divided by -2 - -10 - (-8 + 10).
3
Let s = 280 - 262. Calculate the remainder when 394 is divided by s.
16
Let p = 740 - 625. Calculate the remainder when 117 is divided by p.
2
Suppose -3*l - 5*l - 648 = 0. Calculate the remainder when 21 is divided by 16/(-6)*l/36.
3
Suppose 0 = 5*d + 3*m - 9, -3*m + 1 = -d - 5*m. What is the remainder when 84 + -9 - -1*d is divided by 8?
6
Let t(z) = -z**3 - 20*z**2 - 18*z + 4. Let r be t(-19). Calculate the remainder when 100/r*(-30)/4 is divided by 14.
8
Let a = 36 - 28. Calculate the remainder when 22 is divided by (1 - -1)/(2/a) + 0.
6
Suppose 0 = 9*y + 69 - 204. Calculate the remainder when 17 is divided by y.
2
What is the remainder when 65 is divided by ((-2 + -6)/2 - 40)/(-4)?
10
Suppose -229 = -3*f + 5*v, -3*v = f + 2*f - 261. What is the remainder when f is divided by 19?
7
Let z = -153 + 219. Let h(k) = 11*k + 1. What is the remainder when z is divided by h(3)?
32
What is the remainder when 148 is divided by (-3)/(1*(-18)/300)?
48
Suppose 3*j - 3*t - 165 = 0, -j = 2*t - 59 - 11. Calculate the remainder when 298 is divided by j.
58
Suppose -3*r + 5*b = -5*r - 15, 5*r + 2*b = 15. Let j = r - -2. What is the remainder when 27 is divided by j?
6
Suppose 215 = n + 2*n + d, n - 4*d = 63. Suppose 48*k + 665 = 1865. Calculate the remainder when n is divided by k.
21
Suppose -6*g - 492 = -10*g - 4*z, 609 = 5*g + 2*z. What is the remainder when g is divided by 10?
1
Suppose 5*s = 4*a + 290, -4*s - a - 27 = -259. What is the remainder when s is divided by 26?
6
Let c(r) = -3*r + 79. What is the remainder when 138 is divided by c(13)?
18
Let n = -2030 + 2041. Suppose -1 + 4 = s. Calculate the remainder when n is divided by s.
2
Suppose 5*y + 27 = r + y, y = -5*r + 72. What is the remainder when 260 is divided by r?
5
Suppose 0 = -s - 3*o + o, 3*o